ands digit of 442423761?
2
What is the thousands digit of 42792958?
2
What is the units digit of 135494956?
6
What is the ten thousands digit of 44598464?
9
What is the tens digit of 48405967?
6
What is the tens digit of 50762342?
4
What is the thousands digit of 1358979872?
9
What is the millions digit of 213660780?
3
What is the thousands digit of 11120583?
0
What is the millions digit of 45326473?
5
What is the hundreds digit of 350511555?
5
What is the units digit of 1890371337?
7
What is the ten thousands digit of 144661466?
6
What is the ten thousands digit of 804072791?
7
What is the tens digit of 73122720?
2
What is the tens digit of 580640629?
2
What is the ten thousands digit of 60016069?
1
What is the hundreds digit of 19106303?
3
What is the hundreds digit of 963549021?
0
What is the ten thousands digit of 3435902?
3
What is the ten thousands digit of 19983491?
8
What is the thousands digit of 754607577?
7
What is the units digit of 497959614?
4
What is the hundred thousands digit of 1535873988?
8
What is the tens digit of 194761364?
6
What is the tens digit of 427660252?
5
What is the ten thousands digit of 153784985?
8
What is the tens digit of 10273204?
0
What is the hundreds digit of 155519408?
4
What is the units digit of 8950518304?
4
What is the ten millions digit of 138999842?
3
What is the hundred millions digit of 608715980?
6
What is the hundred thousands digit of 849200195?
2
What is the millions digit of 544902946?
4
What is the thousands digit of 1315255249?
5
What is the ten thousands digit of 114473692?
7
What is the hundreds digit of 251146971?
9
What is the units digit of 406403767?
7
What is the ten thousands digit of 385943759?
4
What is the tens digit of 677046008?
0
What is the tens digit of 12200452?
5
What is the hundred thousands digit of 236110591?
1
What is the tens digit of 1378805620?
2
What is the hundred millions digit of 1066575636?
0
What is the thousands digit of 25953930?
3
What is the hundred thousands digit of 2089769079?
7
What is the thousands digit of 1232798?
2
What is the hundreds digit of 46846452?
4
What is the thousands digit of 516208859?
8
What is the hundred thousands digit of 52169105?
1
What is the units digit of 1493769120?
0
What is the ten millions digit of 69414822?
6
What is the ten thousands digit of 1218328640?
2
What is the hundred millions digit of 198152296?
1
What is the ten millions digit of 1676764762?
7
What is the ten millions digit of 191201712?
9
What is the hundred thousands digit of 1186553768?
5
What is the millions digit of 298070575?
8
What is the tens digit of 177352415?
1
What is the hundred thousands digit of 139093786?
0
What is the hundreds digit of 300322783?
7
What is the billions digit of 6219219965?
6
What is the ten thousands digit of 129583572?
8
What is the millions digit of 41762285?
1
What is the ten millions digit of 1014526001?
1
What is the hundreds digit of 255323458?
4
What is the ten millions digit of 60361490?
6
What is the ten thousands digit of 441943068?
4
What is the hundred thousands digit of 36838094?
8
What is the ten millions digit of 35899547?
3
What is the millions digit of 100429230?
0
What is the thousands digit of 1324424953?
4
What is the ten millions digit of 39236874?
3
What is the ten thousands digit of 344052455?
5
What is the ten thousands digit of 301185621?
8
What is the ten thousands digit of 179830179?
3
What is the ten thousands digit of 274667034?
6
What is the hundreds digit of 15468492?
4
What is the ten thousands digit of 1219314932?
1
What is the thousands digit of 1088311358?
1
What is the units digit of 240442215?
5
What is the ten thousands digit of 7724303502?
0
What is the tens digit of 467418511?
1
What is the thousands digit of 58938146?
8
What is the hundred thousands digit of 1072930635?
9
What is the thousands digit of 70798573?
8
What is the hundred thousands digit of 22756942?
7
What is the hundreds digit of 142336414?
4
What is the ten millions digit of 115117368?
1
What is the thousands digit of 9014177?
4
What is the ten millions digit of 621550484?
2
What is the millions digit of 3505789696?
5
What is the ten millions digit of 2784379069?
8
What is the ten thousands digit of 163452848?
5
What is the ten millions digit of 66080573?
6
What is the hundreds digit of 2960352737?
7
What is the ten thousands digit of 414511565?
1
What is the millions digit of 53532834?
3
What is the thousands digit of 158148884?
8
What is the tens digit of 340006488?
8
What is the tens digit of 282998895?
9
What is the tens digit of 1477627321?
2
What is the ten millions digit of 69631535?
6
What is the hundred millions digit of 860526753?
8
What is the tens digit of 35436578?
7
What is the thousands digit of 380038017?
8
What is the hundred thousands digit of 242330763?
3
What is the hundred thousands digit of 639904384?
9
What is the units digit of 3084362786?
6
What is the hundreds digit of 2298734256?
2
What is the ten millions digit of 67914959?
6
What is the hundred thousands digit of 209822407?
8
What is the ten millions digit of 1567165664?
6
What is the tens digit of 4476834523?
2
What is the thousands digit of 190474105?
4
What is the ten thousands digit of 2396741883?
4
What is the hundred thousands digit of 738388802?
3
What is the thousands digit of 36246353?
6
What is the hundred thousands digit of 172372754?
3
What is the ten millions digit of 85723614?
8
What is the ten thousands digit of 8200706386?
0
What is the thousands digit of 52311992?
1
What is the hundred thousands digit of 5066721371?
7
What is the millions digit of 87014809?
7
What is the ten thousands digit of 1488538503?
3
What is the thousands digit of 341854391?
4
What is the units digit of 1345017880?
0
What is the units digit of 6171226746?
6
What is the ten millions digit of 163134229?
6
What is the ten millions digit of 185363980?
8
What is the thousands digit of 4265138554?
8
What is the tens digit of 499063432?
3
What is the tens digit of 7554487?
8
What is the ten millions digit of 218005254?
1
What is the ten thousands digit of 370326115?
2
What is the hundreds digit of 539237530?
5
What is the thousands digit of 81509512?
9
What is the units digit of 26123833?
3
What is the hundred millions digit of 211326342?
2
What is the hundred thousands digit of 101578498?
5
What is the ten thousands digit of 100225799?
2
What is the billions digit of 1568767988?
1
What is the units digit of 2647665235?
5
What is the thousands digit of 147088569?
8
What is the hundred thousands digit of 92715027?
7
What is the thousands digit of 204277481?
7
What is the hundreds digit of 3211619064?
0
What is the millions digit of 309863760?
9
What is the units digit of 2088817?
7
What is the hundreds digit of 13471233?
2
What is the ten millions digit of 27489786?
2
What is the hundred thousands digit of 60252518?
2
What is the millions digit of 333714329?
3
What is the ten thousands digit of 702776647?
7
What is the millions digit of 44814582?
4
What is the ten millions digit of 1584289371?
8
What is the millions digit of 10873166?
0
What is the ten thousands digit of 49871799?
7
What is the units digit of 24739602?
2
What is the hundred thousands digit of 2811720136?
7
What is the ten millions digit of 275495102?
7
What is the millions digit of 167751129?
7
What is the tens digit of 103138727?
2
What is the hundred thousands digit of 173918327?
9
What is the ten millions digit of 58584525?
5
What is the millions digit of 390790455?
0
What is the thousands digit of 5903941255?
1
What is the thousands digit of 60378411?
8
What is the hundred thousands digit of 106247353?
2
What is the hundred millions digit of 193833617?
1
What is the millions digit of 376206195?
6
What is the hundreds digit of 49190755?
7
What is the thousands digit of 70172502?
2
What is the tens digit of 30833197?
9
What is the units digit of 38802053?
3
What is the hundred thousands digit of 2152738163?
7
What is the hundreds digit of 839846?
8
What is the tens digit of 343870027?
2
What is the tens digit of 573480434?
3
What is the ten millions digit of 299751415?
9
What is the thousands digit of 8170499?
0
What is the hundreds digit of 2495035458?
4
What is the hundred thousands d